t s(l) = -6*n(l) + 7*y(l). Let m(i) = 2*i**2 - 377*i + 4565. Let a be m(13). Determine s(a).
-17
Let x(f) = -14*f**3 - 44*f**2 - 9*f - 4. Let r be x(-3). Let b(m) = -2*m**2 + m + 40. Give b(r).
-5
Let t(h) be the first derivative of 16/3*h**3 + 18*h - 179 - 8*h**2 - 1/4*h**4. What is t(15)?
3
Let h(d) = -342 - d + 2*d + 372. Suppose 7*i - 53 = 52. Suppose 5*k - i = -z, -3*z + 3 = 2*z + k. Determine h(z).
30
Let m = 18650 + -18658. Let s(b) = 16*b + 22. Determine s(m).
-106
Let b(h) be the first derivative of -5*h - 5/3*h**3 - 1/4*h**4 + 51 - 7/2*h**2. Determine b(-4).
7
Let g(o) be the first derivative of -o**4/4 - 2*o**3 - 3*o**2/2 - 7*o + 2442. Let f be 1*(-3 + 1 + -4). Calculate g(f).
11
Let b be 19/4 - 3/(-12). Suppose 3 = 4*t - 2*g + b, t + 28 = -5*g. Let j(f) = -4434 + 4430 - f + 0*f. Give j(t).
-1
Let r(b) = 2*b + 5. Let u(q) = -2*q + 25. Let k(c) = -2*r(c) - 3*u(c). Determine k(40).
-5
Let l(p) = -p**2 + 33*p - 9. Let b(w) = -19*w + 5. Let z(k) = 7*b(k) + 4*l(k). Give z(-1).
-4
Let s = 4 + 39. Suppose -15 = s*w - 48*w. Let o(z) = 4 + z - 2 - w + 0. What is o(3)?
2
Let m(a) = -3*a**2 - 11*a - 6. Let u = -4622 - -4616. Determine m(u).
-48
Let z(q) = q**2 + 5. Let h(o) = o**2 + o + 6. Let l(s) = 2*h(s) - z(s). Calculate l(0).
7
Let v(a) = 3*a + 17. Let j(y) = 9 - 10*y + 8*y + 0*y + 3*y. Let u(c) = -5*j(c) + 2*v(c). Suppose 2*t - 15 - 3 = 0. Give u(t).
-2
Let a(w) = -w**3 - 10*w**2 + 28*w + 52. Let y be a(-12). Let r(f) = 0*f + 4*f**2 - 7*f**2 + 7*f + y*f**2 - 5*f - 29. What is r(-7)?
6
Let t(c) be the first derivative of 7/3*c**3 - 5 - 4*c - 1/4*c**4 - 3/2*c**2. Suppose -3*m + 24 = m. What is t(m)?
14
Suppose -51*n + 46*n = f - 16, -2*n = -3*f - 20. Let y(r) = -r + 1. What is y(n)?
-3
Let x(g) = -12714 + 25783 - 12825 - 49*g. Determine x(5).
-1
Let o = 1573 - 1573. Let b(v) = -1. Let u(h) = h**2 + h + 7. Let k = 15 + -16. Let s(x) = k*u(x) - 6*b(x). Determine s(o).
-1
Let p(b) = b**3 + 4*b**2 - 2*b + 19. Suppose -3*w = 9, -17*w = -q - 18*w - 8. Determine p(q).
4
Suppose -5*c - 4*f + 28 = 0, 2 = 3*c - 4*f - f. Let a be 1/(-1) + -7 + c. Let s(p) = 6 + 4*p + 3360*p**2 - 2 - 1684*p**2 - 1675*p**2. What is s(a)?
4
Let o(t) = t**3 - 10*t**2 + 10*t - 14. Let a be 1 + 0 + -2 + (-14 - 10) + 34. Calculate o(a).
-5
Let h(o) = -o**3 + 5*o**2 - 4*o + 2. Let s be h(3). Let m be 12*(-1 + 10/s). Let p(b) = 5 + 1 - 4*b**2 + 3*b**2 - 7*b + m*b**2. Give p(4).
10
Let w(z) = -8*z + 20. Let b(t) = 3*t - 10. Let v(c) = 11*b(c) + 4*w(c). Determine v(0).
-30
Let f(q) = q**3 - 10*q**2 - q + 13. Let k be f(10). Suppose k*r - 4*r + c - 1 = 0, -5*r + 11 = -c. Let d(v) = -v - 4*v + 4 + 3*v. Give d(r).
-2
Let a(d) = d + 15. Let m be a(-14). Let w(z) = 43*z - 1 - m - 47*z + 3. Suppose 24 = 4*k - 4*u, 22 - 10 = -3*k - 3*u. Calculate w(k).
-3
Suppose 19*h + 2 = 23*h - 3*z, -7*h + 4*z = 4. Let r(i) be the third derivative of 2/3*i**3 - 1/12*i**4 + 0*i - 1/60*i**5 + i**2 + 0. Calculate r(h).
-4
Let s(f) = 20*f - 2. Let t(x) = 350*x - 30. Let c(v) = 18*s(v) - t(v). What is c(-4)?
-46
Let i(y) = y**3 - y**2 - 3*y - 2. Let l = -526 - -530. Let b be (4 - 3)*l*(-4)/8. Determine i(b).
-8
Let q = -408 + 404. Let o(v) = 365*v - 1 - 367*v + 2. Give o(q).
9
Let f(t) = 0*t - 2*t + 13*t - 15 - 9*t + 0*t. Suppose 5*w - 2*w + 58 = 4*v, -17 = -v + 2*w. What is f(v)?
11
Suppose -31*m + 26*m + 115 = 0. Suppose 8 = -4*t - y, m = -5*t - 8*y + 10*y. Let l(a) = -a**2 + 3*a - 1. Give l(t).
-19
Let f(x) = -28*x + 101. Let m(o) = 50*o - 201. Let g(y) = -5*f(y) - 3*m(y). Let l be g(9). Let s(q) = -q**2 + 11*q - 17. Give s(l).
7
Let s(v) = -v - 12. Suppose 0*k + 2*b - 13 = -3*k, -28 = -3*k - 5*b. Let w be k*-11 - (-10)/10. Let r be s(w). Let q(y) = y**3 + y**2 + y. Give q(r).
-6
Let o(k) = 2*k + 56*k**2 + 51*k**2 - 3 - 154*k**2 + 3*k + 46*k**2. Give o(4).
1
Let o be ((-742)/(-424))/(2*1/8). Let s(t) = -o*t + 39*t - 4 - t**2 - 18*t - 3*t. Give s(11).
-4
Let y = 47 - 39. Let t(w) = -y + 2*w - 6*w + 2*w + w. Let o be 32/(-6) + (-20)/30. What is t(o)?
-2
Let q = -22 - -24. Suppose 112 = -5*o - q*t, t + 71 = -3*o - 4*t. Let j = o + 29. Let k(m) = m - 7. Give k(j).
0
Let t = -1649 - -1644. Let g(z) = -12*z - 41. Determine g(t).
19
Let k = 6162 - 6156. Let y(i) = i**3 - 3*i**2 - 18*i - 12. Calculate y(k).
-12
Suppose -3*q - 18*x + 16*x = -56, -4*q + 70 = -2*x. Let g be (-3)/q - (7/(-6) + 3). Let n(f) = 2*f**2 + 3*f + 3. Calculate n(g).
5
Let c(n) = 3*n. Suppose 0 = 5*w - 53 + 3. Let k(j) = j**2 - 7*j - 4. Let f be k(6). Let z be 4/w - 6/f. Give c(z).
3
Suppose 2*o = -5*j + 106, 11*j + 2*o = 10*j + 26. Suppose 0 = -301*w + 297*w + j. Let c(t) = t**2 - 7*t - 2. What is c(w)?
-12
Let p(s) = 3*s + 56. Suppose 97*i - 95*i + 2*l = -46, 4*i - 4*l + 68 = 0. Calculate p(i).
-4
Let z(x) = -2*x**2 - 8*x - 3*x**3 + 8*x + x**2. Let g = 5220 + -5222. Determine z(g).
20
Let a(q) be the first derivative of -q**3 + 7*q**2/2 - 7*q - 12002. Calculate a(8).
-143
Let h(n) be the first derivative of -35*n**4/4 - 2*n**3/3 + n + 68. Give h(1).
-36
Let x(y) = -y**3 + 2*y**2 - 5*y + 5. Let l(f) = -93*f**2 - 4*f + 3. Let g be l(2). Let p = g - -379. Calculate x(p).
-5
Let b be 4/24 + (-22)/(-12). Let l(w) = b + 1 - 11*w + 6 + 10*w. Let p(o) = 4*o**2 - 45*o - 43. Let t be p(12). What is l(t)?
16
Suppose 0*p + 3*d = -2*p + 18, 30 = 4*p + 3*d. Let u(n) = -n + 27 - 12 - p. Suppose 4*v - 5*k = 40, -3*v + 3 - 4 = 4*k. Give u(v).
4
Let j(t) = -2*t + 1. Let f(n) be the first derivative of 1/4*n**4 + 10 - 3/2*n**2 - 31*n + 3*n**3. Let c be f(-9). Calculate j(c).
9
Suppose -s = -5*n - 0*s + 61, s - 23 = -2*n. Let d(a) be the first derivative of n*a**2 + 2*a + 5 + 8 - 9*a**2 - 4*a**2. Calculate d(-2).
6
Let p(h) = -5*h + h + 3 + h. Let b = 92799 - 92793. Give p(b).
-15
Let n(y) be the third derivative of -y**6/120 - y**5/30 + y**4/24 - 7*y**3/6 - 6*y**2 - 4*y. Give n(0).
-7
Let k(y) = -3*y + 4. Suppose 120*w - 121*w = 0. Let m be ((w - 3)/1 + 4)*-3. Calculate k(m).
13
Let z = 273 - 269. Suppose 3*t = -z*h + 33, h + 4*t - 9 = -4. Let x(i) = -i**3 + 9*i**2 - 2*i. Give x(h).
-18
Let z(b) = -b**3 + 11*b**2 - 6*b - 35. Let i(o) = -140*o + 10. Let j be i(0). Give z(j).
5
Suppose -18 = -2*q - 8. Suppose q*i + 2 = 7*i. Let c be i/(1/1) + 3/(-1). Let f(w) = -w**3 - 3*w**2 - w + 2. Give f(c).
0
Let w be 2/(-6)*(-37 + 37). Let m(b) be the first derivative of -b**3/3 - b**2/2 + 34*b + 166. Determine m(w).
34
Let x be (1*2 + 0)*(-21)/((-735)/70). Let w be 4/(-20) - (-42)/10. Let j(i) = w + i + 0 - 1 - 2*i. What is j(x)?
-1
Suppose -9*o - 121 = -67. Let c(w) = 6*w + 26. Calculate c(o).
-10
Let s be 3 - 3/9*21. Let h be (s/3)/(3 + (-186)/54). Let u(z) = 6*z - 7. Let m(j) = -6*j + 7. Let q(v) = h*m(v) + 2*u(v). Give q(5).
-23
Let r(u) = -151 - 13*u + 76 + 74 + 6*u. Determine r(-2).
13
Let i(j) = -13*j + 68. Let w be i(0). Suppose -w = 16*s - 180. Let c(g) = -g**3 + 7*g**2 + g + 10. Determine c(s).
17
Let q(m) be the first derivative of -m**3/3 - 3*m**2/2 - 8*m - 396. Give q(-5).
-18
Suppose 380*l + 1176 = -1864. Let k(r) = -174*r - 1397. What is k(l)?
-5
Let k(s) be the third derivative of 25*s**4/24 - 50*s**3/3 + 2255*s**2. Determine k(5).
25
Let t = -271 + 279. Let y(u) = 8 + t - u - 5 + 1. Calculate y(16).
-4
Suppose 0 = -5*z - 2*q + 99, 3*z = 3*q + 68 - 17. Let s(m) = m**2 - 17*m + 2. What is s(z)?
40
Let w be (2*4)/(20/(-10)). Let u = w + 33. Let p(j) = -u + 7*j - j**2 + 13 + 19. Calculate p(6).
9
Let i(c) = 19*c - 1685. Let t be i(88). Let s(x) = x**3 + 13*x**2 + 5*x + 15. What is s(t)?
-50
Let s(y) = -145*y**2 + 282*y**2 - 11 - 163*y**2 - 11*y. Let k(o) = -9*o**2 - 4*o - 4. Let q(v) = -8*k(v) + 3*s(v). Determine q(-1).
-6
Let f(b) be the first derivative of -b**4/4 + b**3/3 - b**2 + b + 7. Let k(y) = -5*y + 21. Let h be k(8). Let s = h - -20. Give f(s).
-1
Suppose -4*q = 2*k - 2, 4*q + 7 + 0 = k. Let h(i) be the second derivative of i**4/12 + i**3/6 - i**2/2 - 11*i + 83. What is h(k)?
11
Let k(i) = -6*i**2 - 1. Let x(z) = -z**3 - 2*z**2 + 2*z - 4. Let r(y) = y**2 - 4*y - 3. Let n be r(4). Let w be x(n). Calculate k(w).
-7
Suppose 257*t - 126 - 961 - 198 = 0. Let g(s) = -s**2 + 7*s - 8. Calculate g(t).
2
Let g(l) = -l**3 + l**2 + l + 1. Let r(u) = 7*u**3 - 12*u**2 - u - 3. Let x(s) = -s**3 - 10*s**2 - 1. Let c be x(-10). Let o(j) = c*r(j) - 6*g(j).